{"id":32,"date":"2025-07-29T21:57:37","date_gmt":"2025-07-29T21:57:37","guid":{"rendered":"https:\/\/somoscaldas.pt\/?page_id=32"},"modified":"2025-10-01T23:03:15","modified_gmt":"2025-10-01T23:03:15","slug":"nadadouro","status":"publish","type":"page","link":"https:\/\/somoscaldas.pt\/index.php\/nadadouro\/","title":{"rendered":"Nadadouro"},"content":{"rendered":"\n<main class=\"wp-block-group alignfull\" style=\"margin-top:0;margin-bottom:0;padding-top:var(--wp--preset--spacing--50);padding-bottom:var(--wp--preset--spacing--50)\"><div class=\"wp-block-group__inner-container is-layout-constrained wp-block-group-is-layout-constrained\">\n<div class=\"wp-block-columns alignwide is-layout-flex wp-container-core-columns-is-layout-30f78326 wp-block-columns-is-layout-flex\">\n<div class=\"wp-block-column is-layout-flow wp-block-column-is-layout-flow\" style=\"flex-basis:56%\">\n<figure class=\"wp-block-image size-full is-resized\"><img loading=\"lazy\" decoding=\"async\" width=\"732\" height=\"667\" src=\"https:\/\/somoscaldas.pt\/wp-content\/uploads\/2025\/09\/Nadadouro-02.jpg\" alt=\"\" class=\"wp-image-174\" style=\"aspect-ratio:1;object-fit:cover;width:465px;height:auto\" srcset=\"https:\/\/somoscaldas.pt\/wp-content\/uploads\/2025\/09\/Nadadouro-02.jpg 732w, https:\/\/somoscaldas.pt\/wp-content\/uploads\/2025\/09\/Nadadouro-02-300x273.jpg 300w\" sizes=\"auto, (max-width: 732px) 100vw, 732px\" \/><\/figure>\n<\/div>\n\n\n\n<div class=\"wp-block-column is-vertically-aligned-center is-layout-flow wp-block-column-is-layout-flow\">\n<h2 class=\"wp-block-heading\">Caras e Caros Amigos<\/h2>\n\n\n\n<p>Vejam o que constru\u00edmos juntos, transformando o Nadadouro numa freguesia pronta para o futuro.<\/p>\n\n\n\n<p>Agora \u00e9 o momento de avan\u00e7ar com mais ambi\u00e7\u00e3o, mais coragem e uma energia renovada que valorize o territ\u00f3rio, a identidade e cada pessoa da nossa<br>comunidade.<\/p>\n<\/div>\n<\/div>\n\n\n\n<p>Eu sou o Filipe, o novo candidato \u00e0 Junta de Freguesia, e estamos a trabalhar na constru\u00e7\u00e3o de um programa que o vai orgulhar, que garantir\u00e1 a continuidade ao excelente trabalho da minha antecessora, mas que ter\u00e1 a ousadia de ir mais longe na ambi\u00e7\u00e3o de uma freguesia com o potencial da nossa.<\/p>\n\n\n\n<p><strong>Queremos mais.<\/strong><\/p>\n\n\n\n<figure class=\"wp-block-image size-full\"><img loading=\"lazy\" decoding=\"async\" width=\"910\" height=\"609\" src=\"https:\/\/somoscaldas.pt\/wp-content\/uploads\/2025\/09\/Nadadouro-01.jpg\" alt=\"\" class=\"wp-image-175\" srcset=\"https:\/\/somoscaldas.pt\/wp-content\/uploads\/2025\/09\/Nadadouro-01.jpg 910w, https:\/\/somoscaldas.pt\/wp-content\/uploads\/2025\/09\/Nadadouro-01-300x201.jpg 300w, https:\/\/somoscaldas.pt\/wp-content\/uploads\/2025\/09\/Nadadouro-01-768x514.jpg 768w, https:\/\/somoscaldas.pt\/wp-content\/uploads\/2025\/09\/Nadadouro-01-850x569.jpg 850w\" sizes=\"auto, (max-width: 910px) 100vw, 910px\" \/><\/figure>\n<\/div><\/main>\n\n\n\n<h2 class=\"wp-block-heading\">Nadadouro MERECE MAIS.<\/h2>\n\n\n\n<p><strong>Programa Eleitoral para a Freguesia do Nadadouro<\/strong><\/p>\n\n\n\n<p><strong>Vis\u00e3o<\/strong><br>Transformar o Nadadouro numa freguesia sustent\u00e1vel, inclusiva e inovadora, reconhecida<br>pela valoriza\u00e7\u00e3o do seu patrim\u00f3nio natural e cultural, promotora da qualidade de vida e da<br>identidade comunit\u00e1ria, em harmonia com o ambiente e com os desafios do futuro<\/p>\n\n\n\n<p><strong>Miss\u00e3o<\/strong><br>Servir a comunidade do Nadadouro com uma gest\u00e3o participativa, transparente e pr\u00f3xima<br>das pessoas, promovendo:<\/p>\n\n\n\n<ul class=\"wp-block-list\">\n<li>A preserva\u00e7\u00e3o e valoriza\u00e7\u00e3o dos recursos naturais e culturais;<\/li>\n\n\n\n<li>O desenvolvimento sustent\u00e1vel do territ\u00f3rio;<\/li>\n\n\n\n<li>A capacita\u00e7\u00e3o e o bem-estar da popula\u00e7\u00e3o;<\/li>\n\n\n\n<li>A inova\u00e7\u00e3o e criatividade como motores de progresso;<\/li>\n\n\n\n<li>A multiculturalidade e o associativismo como for\u00e7as de coes\u00e3o social.<\/li>\n<\/ul>\n\n\n\n<hr class=\"wp-block-separator has-alpha-channel-opacity\"\/>\n\n\n\n<p><strong>Novos Espa\u00e7os, Melhor Futuro<\/strong><\/p>\n\n\n\n<ul class=\"wp-block-list\">\n<li>Parque das \u00e1guas vivas \u2013 (No seguimento do Parque das Lavadeiras)<\/li>\n\n\n\n<li>Parque sensorial, Fluvi\u00e1rio, jardins comunit\u00e1rios, desenvolvimento de esp\u00e9cies aut\u00f3ctones e compostor.<\/li>\n\n\n\n<li>Circuitos de \u00e1gua, passadi\u00e7os e pontes dando seguimento ao parque das Lavadeiras, at\u00e9 aos Lavadouros antigos.<\/li>\n\n\n\n<li>Janela Verde da Barrosa &#8211; zona de contempla\u00e7\u00e3o no Cais da Rainha e passagem do Burra\u00e7al, liga\u00e7\u00e3o<br>aos trilhos e ao Parque das \u00e0guas Vivas por passadi\u00e7o ao longo do rio pelas V\u00e1rzeas , valoriza\u00e7\u00e3o<br>dos terrenos agr\u00edcolas e acesso \u00e0 agua para regadio.<\/li>\n\n\n\n<li>CIPLO &#8211; Centro Integrado para a Lagoa de \u00d3bidos (Associa\u00e7\u00e3o de Pescadores, Associa\u00e7\u00f5es Ambientais, Monotoriza\u00e7\u00e3o da Lagoa de \u00d3bidos, Sala de Reuni\u00f5es, Audit\u00f3rio, centro de interpreta\u00e7\u00e3o de fauna, flora e exposi\u00e7\u00f5es);<\/li>\n\n\n\n<li>Espa\u00e7o a Norte da ACR Nadadouro, (Em continuidade com o atual Executivo), Campos de Padel,<br>Zonas verdes e Arborizadas, anfiteatro e jogos tradicionais.<\/li>\n\n\n\n<li>Miradouro da Ardonha (Em continuidade com o atual Executivo)<\/li>\n\n\n\n<li>Ecovia &#8211; Caminho para o Centro, (Em continuidade com o atual Executivo) liga\u00e7\u00e3o da ciclovia ao<br>Centro da Freguesia e Barrosa ligando a \u00d3bidos e Caldas da Rainha pelas \u00c1guas Santas.<\/li>\n\n\n\n<li>Apoio \u00e0 constru\u00e7\u00e3o de Creche &#8211; apoio \u00e0s fam\u00edlias e incentivo \u00e0 natalidade;<\/li>\n\n\n\n<li>Arranjo de zonas publicas nas Arroteias.<\/li>\n<\/ul>\n\n\n\n<p><strong>Requalificar e Valorizar<\/strong><\/p>\n\n\n\n<ul class=\"wp-block-list\">\n<li>Requalifica\u00e7\u00e3o da Rua da Ind\u00fastria (Em continuidade com o atual Executivo)<\/li>\n\n\n\n<li>Requalifica\u00e7\u00e3o Travessa da Vit\u00f3ria;<\/li>\n\n\n\n<li>Requalifica\u00e7\u00e3o da Rua Alto do Nobre;<\/li>\n\n\n\n<li>Continua\u00e7\u00e3o da Reabilita\u00e7\u00e3o da Rua Eng. Paiva e Sousa;<\/li>\n\n\n\n<li>Requalifica\u00e7\u00e3o e manuten\u00e7\u00e3o da rede vi\u00e1ria;<\/li>\n\n\n\n<li>Requalifica\u00e7\u00e3o da Rua da Paz com passeio pedonal criando anel de liga\u00e7\u00e3o \u00e0 ecovia \u2013 Centro do<br>Nadadouro.<\/li>\n\n\n\n<li>Beneficia\u00e7\u00e3o do parque de Merendas do Talefe;<\/li>\n\n\n\n<li>Requalifica\u00e7\u00e3o da ponte da Barrosa;<\/li>\n<\/ul>\n\n\n\n<div class=\"wp-block-buttons is-layout-flex wp-block-buttons-is-layout-flex\">\n<div class=\"wp-block-button\"><a class=\"wp-block-button__link wp-element-button\" href=\"https:\/\/somoscaldas.pt\/wp-content\/uploads\/2025\/09\/Folheto-NADADOURO.pdf\" target=\"_blank\" rel=\"noreferrer noopener\">Folheto Nadadouro<\/a><\/div>\n<\/div>\n\n\n\n<p><\/p>\n","protected":false},"excerpt":{"rendered":"<p>Caras e Caros Amigos Vejam o que constru\u00edmos juntos, transformando o Nadadouro numa freguesia pronta para o futuro. Agora \u00e9 o momento de avan\u00e7ar com mais ambi\u00e7\u00e3o, mais coragem e uma energia renovada que valorize o territ\u00f3rio, a identidade e cada pessoa da nossacomunidade. Eu sou o Filipe, o novo candidato \u00e0 Junta de Freguesia,&#8230;<\/p>\n","protected":false},"author":1,"featured_media":0,"parent":0,"menu_order":0,"comment_status":"closed","ping_status":"closed","template":"","meta":{"footnotes":""},"class_list":["post-32","page","type-page","status-publish","hentry"],"_links":{"self":[{"href":"https:\/\/somoscaldas.pt\/index.php\/wp-json\/wp\/v2\/pages\/32","targetHints":{"allow":["GET"]}}],"collection":[{"href":"https:\/\/somoscaldas.pt\/index.php\/wp-json\/wp\/v2\/pages"}],"about":[{"href":"https:\/\/somoscaldas.pt\/index.php\/wp-json\/wp\/v2\/types\/page"}],"author":[{"embeddable":true,"href":"https:\/\/somoscaldas.pt\/index.php\/wp-json\/wp\/v2\/users\/1"}],"replies":[{"embeddable":true,"href":"https:\/\/somoscaldas.pt\/index.php\/wp-json\/wp\/v2\/comments?post=32"}],"version-history":[{"count":7,"href":"https:\/\/somoscaldas.pt\/index.php\/wp-json\/wp\/v2\/pages\/32\/revisions"}],"predecessor-version":[{"id":370,"href":"https:\/\/somoscaldas.pt\/index.php\/wp-json\/wp\/v2\/pages\/32\/revisions\/370"}],"wp:attachment":[{"href":"https:\/\/somoscaldas.pt\/index.php\/wp-json\/wp\/v2\/media?parent=32"}],"curies":[{"name":"wp","href":"https:\/\/api.w.org\/{rel}","templated":true}]}}