{"id":27,"date":"2025-07-29T21:56:37","date_gmt":"2025-07-29T21:56:37","guid":{"rendered":"https:\/\/somoscaldas.pt\/?page_id=27"},"modified":"2025-10-01T22:58:29","modified_gmt":"2025-10-01T22:58:29","slug":"carvalhal-benfeito-2","status":"publish","type":"page","link":"https:\/\/somoscaldas.pt\/index.php\/carvalhal-benfeito-2\/","title":{"rendered":"Carvalhal Benfeito"},"content":{"rendered":"\n<main class=\"wp-block-group alignfull\" style=\"margin-top:0;margin-bottom:0;padding-top:var(--wp--preset--spacing--50);padding-bottom:var(--wp--preset--spacing--50)\"><div class=\"wp-block-group__inner-container is-layout-constrained wp-block-group-is-layout-constrained\">\n<div class=\"wp-block-columns alignwide is-layout-flex wp-container-core-columns-is-layout-30f78326 wp-block-columns-is-layout-flex\">\n<div class=\"wp-block-column is-layout-flow wp-block-column-is-layout-flow\" style=\"flex-basis:56%\">\n<figure class=\"wp-block-image size-full is-resized\"><img loading=\"lazy\" decoding=\"async\" width=\"682\" height=\"666\" src=\"https:\/\/somoscaldas.pt\/wp-content\/uploads\/2025\/09\/Carvalhal-Benfeito-02.png\" alt=\"\" class=\"wp-image-147\" style=\"aspect-ratio:1;object-fit:cover;width:465px;height:auto\" srcset=\"https:\/\/somoscaldas.pt\/wp-content\/uploads\/2025\/09\/Carvalhal-Benfeito-02.png 682w, https:\/\/somoscaldas.pt\/wp-content\/uploads\/2025\/09\/Carvalhal-Benfeito-02-300x293.png 300w\" sizes=\"auto, (max-width: 682px) 100vw, 682px\" \/><\/figure>\n<\/div>\n\n\n\n<div class=\"wp-block-column is-vertically-aligned-center is-layout-flow wp-block-column-is-layout-flow\">\n<h2 class=\"wp-block-heading\">Caras e Caros Amigos<\/h2>\n\n\n\n<p>Carvalhal Benfeito merece uma continuidade com responsabilidade, dedica\u00e7\u00e3o e proximidade.<\/p>\n\n\n\n<p>Ao longo dos \u00faltimos quatro anos, trabalh\u00e1mos com empenho para melhorar a qualidade de vida da nossa freguesia, promovendo o bem-estar<br>da popula\u00e7\u00e3o, investindo nas infraestruturas e apoiando as nossas associa\u00e7\u00f5es e tradi\u00e7\u00f5es.<\/p>\n\n\n\n<p><\/p>\n<\/div>\n<\/div>\n\n\n\n<p>\u00c9 com esse mesmo esp\u00edrito de servi\u00e7o que me recandidato \u00e0 presid\u00eancia da Junta de Freguesia.<br>Nesta nova etapa, apresento uma equipa renovada, com a for\u00e7a e o entusiasmo da juventude ao lado da experi\u00eancia adquirida.<\/p>\n\n\n\n<p>Juntos, queremos dar um novo impulso \u00e0 freguesia, com ideias modernas, energia e compromisso com o futuro.<\/p>\n\n\n\n<p>Continuaremos a trabalhar com todos e para todos, sempre com transpar\u00eancia e sentido de miss\u00e3o.<\/p>\n\n\n\n<figure class=\"wp-block-image size-full\"><img loading=\"lazy\" decoding=\"async\" width=\"910\" height=\"611\" src=\"https:\/\/somoscaldas.pt\/wp-content\/uploads\/2025\/09\/Carvalhal-Benfeito-01.png\" alt=\"\" class=\"wp-image-148\" srcset=\"https:\/\/somoscaldas.pt\/wp-content\/uploads\/2025\/09\/Carvalhal-Benfeito-01.png 910w, https:\/\/somoscaldas.pt\/wp-content\/uploads\/2025\/09\/Carvalhal-Benfeito-01-300x201.png 300w, https:\/\/somoscaldas.pt\/wp-content\/uploads\/2025\/09\/Carvalhal-Benfeito-01-768x516.png 768w, https:\/\/somoscaldas.pt\/wp-content\/uploads\/2025\/09\/Carvalhal-Benfeito-01-850x571.png 850w\" sizes=\"auto, (max-width: 910px) 100vw, 910px\" \/><\/figure>\n<\/div><\/main>\n\n\n\n<h2 class=\"wp-block-heading\">CARVALHAL BENFEITO MERECE MAIS.<\/h2>\n\n\n\n<p><strong>Programa Eleitoral para a Freguesia de CARVALHAL BENFEITO<\/strong><\/p>\n\n\n\n<p><strong>Urbanismo<\/strong><\/p>\n\n\n\n<ul class=\"wp-block-list\">\n<li>Criar uma solu\u00e7\u00e3o de acessibilidade ao terreno do Munic\u00edpio pelo cruzamento da rua da Senhora das Merc\u00eas com a Rua da Presa.<\/li>\n\n\n\n<li>Abertura de uma via que possa dar acesso ao lote de terreno do Centro Social e Paroquial Nossa Senhora das Merc\u00eas e tamb\u00e9m \u00e0 Urbaniza\u00e7\u00e3o Jovem.<\/li>\n\n\n\n<li>Promover a Amplia\u00e7\u00e3o da Urbaniza\u00e7\u00e3o Jovem com a cria\u00e7\u00e3o de mais lotes .<\/li>\n\n\n\n<li>Cria\u00e7\u00e3o de mural de identidade da Freguesia no Muro da Escola Prim\u00e1ria.<\/li>\n\n\n\n<li>Aumentar a rede de saneamento b\u00e1sico dispon\u00edvel na Freguesia.<\/li>\n\n\n\n<li>Procurar influenciar a C\u00e2mara Municipal e as outras Entidades de modo a permitir que na futura revis\u00e3o do PDM se possa construir mais habita\u00e7\u00e3o nos lugares da Freguesia e alargar o per\u00edmetro urbano dos mesmos;<\/li>\n<\/ul>\n\n\n\n<p><strong>Alcatroamentos e Requalifica\u00e7\u00f5es de vias<\/strong><\/p>\n\n\n\n<ul class=\"wp-block-list\">\n<li>Requalifica\u00e7\u00e3o e repavimenta\u00e7\u00e3o da via na rua Senhora das Merc\u00eas junto ao cruzamento da Rua da Cec\u00edlia nas Mestras;<\/li>\n\n\n\n<li>Repavimenta\u00e7\u00f5es e requalifica\u00e7\u00f5es necess\u00e1rias nas restantes vias e caminhos agr\u00edcolas da Freguesia;<br><\/li>\n<\/ul>\n\n\n\n<p><strong>Rede El\u00e9trica<\/strong><\/p>\n\n\n\n<ul class=\"wp-block-list\">\n<li>Eletrifica\u00e7\u00e3o da nova via a construir na sede de Freguesia;<\/li>\n\n\n\n<li>Coloca\u00e7\u00e3o de novos postes e\/ou candeeiros onde se venha a verificar necessidade;<br><\/li>\n<\/ul>\n\n\n\n<p><strong>A\u00e7\u00e3o Social<\/strong><\/p>\n\n\n\n<ul class=\"wp-block-list\">\n<li>Apoio \u00e0 constru\u00e7\u00e3o de novo edif\u00edcio para Centro de Dia do Centro Social e Paroquial de Nossa Senhora das Merc\u00eas de Carvalhal Benfeito;<\/li>\n\n\n\n<li>Apoio social \u00e0s fam\u00edlias carenciadas;<\/li>\n\n\n\n<li>Apoio \u00e0 inf\u00e2ncia e \u00e0 popula\u00e7\u00e3o S\u00e9nior da Freguesia;<\/li>\n<\/ul>\n\n\n\n<p>Cemit\u00e9rio<\/p>\n\n\n\n<ul class=\"wp-block-list\">\n<li>Amplia\u00e7\u00e3o do Cemit\u00e9rio;<\/li>\n\n\n\n<li>Constru\u00e7\u00e3o de Gavet\u00f5es para Ossadas;<\/li>\n\n\n\n<li>Preserva\u00e7\u00e3o e manuten\u00e7\u00e3o do Cemit\u00e9rio;<\/li>\n<\/ul>\n\n\n\n<p><strong>Educa\u00e7\u00e3o, Cultura e Desporto<\/strong><\/p>\n\n\n\n<ul class=\"wp-block-list\">\n<li>Tentar solucionar o problema que existe na Freguesia com a falta de Creche;<\/li>\n\n\n\n<li>Providenciar as dilig\u00eancias necess\u00e1rias para dar continuidade ao Protocolo de Colabora\u00e7\u00e3o<br>vigente entre a Junta de Freguesia e o Centro Social e Paroquial de Nossa Senhora das Merc\u00eas a fim de garantir o fornecimento das refei\u00e7\u00f5es \u00e0 Escola e Jardim de Inf\u00e2ncia;<\/li>\n\n\n\n<li>Apoiar as Associa\u00e7\u00f5es Desportivas e Institui\u00e7\u00f5es de Solidariedade Social;<\/li>\n\n\n\n<li>Dinamiza\u00e7\u00e3o Cultural e Desportiva na Freguesia;<\/li>\n<\/ul>\n\n\n\n<p><strong>Diversos<\/strong><\/p>\n\n\n\n<ul class=\"wp-block-list\">\n<li>Providenciar junto das entidades competentes solu\u00e7\u00f5es para se poder dinamizar a Mata das Mestras;<\/li>\n<\/ul>\n\n\n\n<p><strong>Preven\u00e7\u00e3o do Patrim\u00f3nio P\u00fablico<\/strong><\/p>\n\n\n\n<ul class=\"wp-block-list\">\n<li>Caminhos Agr\u00edcolas e Florestais;<\/li>\n\n\n\n<li>Conserva\u00e7\u00e3o das Fontes, Lavadouros e Jardins.<\/li>\n<\/ul>\n\n\n\n<div class=\"wp-block-buttons is-layout-flex wp-block-buttons-is-layout-flex\">\n<div class=\"wp-block-button\"><a class=\"wp-block-button__link wp-element-button\" href=\"https:\/\/somoscaldas.pt\/wp-content\/uploads\/2025\/10\/Folheto-CARVALHAL.pdf\" target=\"_blank\" rel=\"noreferrer noopener\">Folheto Carvalhal Benfeito<\/a><\/div>\n<\/div>\n\n\n\n<p><\/p>\n","protected":false},"excerpt":{"rendered":"<p>Caras e Caros Amigos Carvalhal Benfeito merece uma continuidade com responsabilidade, dedica\u00e7\u00e3o e proximidade. Ao longo dos \u00faltimos quatro anos, trabalh\u00e1mos com empenho para melhorar a qualidade de vida da nossa freguesia, promovendo o bem-estarda popula\u00e7\u00e3o, investindo nas infraestruturas e apoiando as nossas associa\u00e7\u00f5es e tradi\u00e7\u00f5es. \u00c9 com esse mesmo esp\u00edrito de servi\u00e7o que me&#8230;<\/p>\n","protected":false},"author":1,"featured_media":0,"parent":0,"menu_order":0,"comment_status":"closed","ping_status":"closed","template":"","meta":{"footnotes":""},"class_list":["post-27","page","type-page","status-publish","hentry"],"_links":{"self":[{"href":"https:\/\/somoscaldas.pt\/index.php\/wp-json\/wp\/v2\/pages\/27","targetHints":{"allow":["GET"]}}],"collection":[{"href":"https:\/\/somoscaldas.pt\/index.php\/wp-json\/wp\/v2\/pages"}],"about":[{"href":"https:\/\/somoscaldas.pt\/index.php\/wp-json\/wp\/v2\/types\/page"}],"author":[{"embeddable":true,"href":"https:\/\/somoscaldas.pt\/index.php\/wp-json\/wp\/v2\/users\/1"}],"replies":[{"embeddable":true,"href":"https:\/\/somoscaldas.pt\/index.php\/wp-json\/wp\/v2\/comments?post=27"}],"version-history":[{"count":8,"href":"https:\/\/somoscaldas.pt\/index.php\/wp-json\/wp\/v2\/pages\/27\/revisions"}],"predecessor-version":[{"id":365,"href":"https:\/\/somoscaldas.pt\/index.php\/wp-json\/wp\/v2\/pages\/27\/revisions\/365"}],"wp:attachment":[{"href":"https:\/\/somoscaldas.pt\/index.php\/wp-json\/wp\/v2\/media?parent=27"}],"curies":[{"name":"wp","href":"https:\/\/api.w.org\/{rel}","templated":true}]}}